 b is divided by 7?
4
Let j(m) = 37*m + 1. Let g be j(-1). Let t be (-50)/(-18) - 8/g. Let q = 25 - t. What is the remainder when q is divided by 8?
6
Let j(u) be the first derivative of u**2/2 + 11*u - 1. Calculate the remainder when j(0) is divided by 4.
3
Let c = 5 + -2. Suppose 2*g - 32 = 2*i - 4*i, -c*i = 5*g - 38. Suppose -26 = -a + 2*k + 3*k, -k = 3. What is the remainder when i is divided by a?
10
Let m(v) = v**2 - 6*v + 7. What is the remainder when m(8) is divided by 6?
5
Suppose -4*v = v + 30. Let g(p) = p**2 + 5*p - 1. Let w(o) = o**2 - 8*o + 3. Calculate the remainder when w(9) is divided by g(v).
2
Suppose 5*y + 3*a - 9 = 0, 4*a - 15 = 2*y - a. Suppose -112 = -y*z - 8*z. Let x = 66 - 27. What is the remainder when x is divided by z?
11
Let q(j) = 20*j**3 - 4*j**2 - 4*j + 4. Calculate the remainder when q(2) is divided by 71.
69
Suppose -5*t - 2*x + 19 = -0*t, -x + 2 = 0. Suppose -t*q + 4*l - 6 - 20 = 0, 0 = -q - 2*l + 8. What is the remainder when (-26)/((q + 3)/(-1)) is divided by 14?
12
Let f = 208 + -151. What is the remainder when f is divided by 21?
15
Let b = -871 - -1767. Let j be 4/18 - b/(-18). Suppose -2*o + 25 = 2*f + o, 0 = 5*f + 5*o - j. Calculate the remainder when 14 is divided by f.
4
Suppose 4*s = 2*s + 82. Suppose 0 = -4*l - n + 4*n + 62, -5*l = n - 68. What is the remainder when s is divided by l?
13
Let f(j) = j**2 - 8*j - 3. What is the remainder when 15 is divided by f(9)?
3
Suppose -3*p = -233 + 8. Let g(x) = -3*x - 18. Calculate the remainder when (-2)/(-7) - p/(-7) is divided by g(-8).
5
Suppose 5*w = -i + 2 + 4, -3*i = 2*w + 8. Suppose 3*l = -2*h + 55, -19 + 65 = w*l - h. Let a = -49 + 89. What is the remainder when a is divided by l?
19
Let o(q) = -q**2 + 2*q + 1. Let k be o(3). Let w be (4/2)/(k/(-4)). Suppose l = -2*l + c + 20, -20 = -w*l + 3*c. What is the remainder when l is divided by 5?
3
Let n = 8 + -23. Calculate the remainder when 8 is divided by 1/(-1 - 18/n).
3
Suppose 3*m - 4 = 11, 198 = 2*w + 4*m. What is the remainder when w is divided by 18?
17
Suppose 3*f + p - 2*p = 29, -3*f + 35 = 5*p. Suppose 49 = 2*n - 3*u, -5*u + 5 - f = 0. Calculate the remainder when n is divided by 12.
11
Let r = 26 + -13. Suppose 3*x + 20 = -10. Let k = x - -17. What is the remainder when r is divided by k?
6
Suppose 14*p - 881 = 9*p + x, x + 527 = 3*p. What is the remainder when p is divided by 15?
12
Let v(t) = -t**2 + 6*t + 3. Let s be v(7). Calculate the remainder when (0 - -2)*(-38)/s is divided by 10.
9
Let c(a) = 7*a**2 + 5*a - 6. Let l be c(-6). What is the remainder when 27 is divided by l/22 - (-2)/11?
7
Let f(u) = -2*u + 4. Calculate the remainder when f(-4) is divided by 7.
5
Let w be 2/(-6) + 129/9. Suppose 5*t = -4*c + 113, 4*t + t + 5*c = 115. What is the remainder when t is divided by w - (-2 - -1 - -3)?
9
Suppose 0*m = -2*m + 32. Suppose 5*g - 4 = m. What is the remainder when g is divided by 3?
1
Suppose 20 = -5*k, -2*i - 4*k = -5*i + 214. What is the remainder when i is divided by 17?
15
Let a(f) = f + 5. Let u be a(-8). Let q be (-1 - 0)/(u/(-264)). Let g = q + 131. Calculate the remainder when g is divided by 15.
13
Let f(h) = -h**2 - 7*h + 11. Let a be f(-8). Let p(s) = 2 + 4*s**3 - 3*s**3 + 4*s**3 - a*s**2 - 3 + 2*s. Calculate the remainder when p(2) is divided by 11.
9
Suppose -w - 11 = -5*w - 3*f, -w + 2*f = 0. Calculate the remainder when 23 is divided by w.
1
Let d be (1 + -1 + 0)/(-2). Suppose 2*j = -d*j + 10. Suppose -j*c + c + 24 = 0. Calculate the remainder when 17 is divided by c.
5
Let b = -60 - -85. Calculate the remainder when b is divided by ((-1)/2 + 1)*18.
7
Suppose 118 = -4*i + 326. Suppose -3*x = -2*g + 84, -x - 3*g = 3*x + 95. Let m = x - -44. What is the remainder when i is divided by m?
16
Let j(h) = -h**2 + 15*h - 29. Calculate the remainder when 102 is divided by j(10).
18
Suppose -12*f = -8*f - 24. What is the remainder when 13 is divided by f?
1
Let o be (0 - -4)/(-2) - 0. Let y be ((-9)/o)/(-3)*2. Calculate the remainder when 37 is divided by y/(-6) + (-25)/(-2).
11
What is the remainder when (-10)/(-12)*-2*-15 is divided by (-1)/((-26)/(-14) + -2)?
4
Suppose -5*t + 5 = 0, -6*t = 4*m - t - 13. Suppose w - 7 = 2*p, -2*w + 3*p = -9 - 4. Let f = m + w. Calculate the remainder when 20 is divided by f.
6
Suppose w = 4 - 0, -3*m + 5*w = 20. Let u = m - -6. Calculate the remainder when u is divided by 4.
2
Let j(q) = 3*q**2 + 8*q - 14. Calculate the remainder when j(5) is divided by 21.
17
Suppose -2*h = 2*h - 5*l + 1, -5*h = -4*l - 1. Let q be (1 + -3)/((-2)/7). What is the remainder when (q/3)/h*6 is divided by 8?
6
Suppose -3*b - 141 = -6*b. Suppose 3*j - 4*h + 3*h - 80 = 0, 2*h - 90 = -4*j. Calculate the remainder when b is divided by j.
22
Suppose 4*z - 5*z + 15 = 0. Let g(y) = -y. Calculate the remainder when -4*(z/(-6) - 1) is divided by g(-5).
4
Let b(z) = z**3 + 29. What is the remainder when b(0) is divided by (1 + 1)*(4 + 0)?
5
Let i = -3 + 45. What is the remainder when 209 is divided by i?
41
Let z = -7 + 7. Suppose -h - 5*j = z, -2*j = 7 - 3. Calculate the remainder when h is divided by 6.
4
Let a = 101 + -48. What is the remainder when a is divided by 9?
8
Let n(w) = 4*w - 12. What is the remainder when 14 is divided by n(4)?
2
Suppose -3*o + 4*p + 37 = 0, 0*o - 9 = -o - 2*p. Suppose -2*a - 84 = -4*k, k = -2*k + 4*a + 73. Calculate the remainder when k is divided by o.
8
Let n = 13 + 5. Calculate the remainder when 41 is divided by n.
5
Let i(m) = 11*m + 42. Calculate the remainder when i(6) is divided by 28.
24
Suppose 0*f + 4*f = -8. Let t be 1/(f/62)*1. What is the remainder when -1 - 0 - (0 + t) is divided by 16?
14
Let d(a) = 3 + 4 + 5*a - 1 - 1. Calculate the remainder when d(4) is divided by 14.
11
Let r(f) = -4*f + 8. Let x be r(6). Suppose -q - 5 = -39. What is the remainder when q is divided by (9/(-2))/(6/x)?
10
Let x be 3 - (-1)/(1 - 2). Suppose -x*r = 4*c - 6*c - 8, -4*r + 1 = c. What is the remainder when r/3 + (-100)/(-15) is divided by 4?
3
Let c = -13 - -14. Suppose -2*v = -v - 4. Suppose -v*w = w - 5. What is the remainder when w is divided by c?
0
Let h = 14 - 5. Suppose 0 = -4*z - m + 233, -2*z + 129 = m + 2*m. Let b = -41 + z. What is the remainder when b is divided by h?
7
Let x be (-292)/(-6) + (-6)/(-18). Let k = 71 - x. Calculate the remainder when k is divided by 12.
10
Suppose -2*v = f - 45, 3*f = -2*v + 81 + 38. What is the remainder when f is divided by -1 - (-4)/(-4) - -21?
18
Suppose 12 = 2*r - 2. Let t = 18 + r. What is the remainder when t is divided by 9?
7
Suppose 7 = 2*m + 1. Suppose -m*x - 27 = -69. Calculate the remainder when 39 is divided by x.
11
Suppose -3*r - 3 = 0, -2*r + 42 = k - 0*k. Let j = 74 - k. Calculate the remainder when j is divided by 8.
6
Suppose -4*r + 6*l - 2*l + 824 = 0, 5*l + 820 = 4*r. Calculate the remainder when r is divided by 53.
51
Let c(g) = -5*g. Let y(j) = 14*j + 1. Let w(b) = 8*c(b) + 3*y(b). Calculate the remainder when 34 - (-4)/(0 - -2) is divided by w(8).
17
Let l be (-28)/3 - 4/6. Let h = 2 - l. What is the remainder when 194/h + 3/(-18) is divided by 9?
7
Let o = -7 - -8. Calculate the remainder when 25 is divided by o*(-2)/(2/(-9)).
7
Let d = -12 - -12. Suppose g + d = 10. Calculate the remainder when 17 is divided by g.
7
Let a(y) = y**2 + y + 4. Suppose 3*u + 22 = -3*t + 2*t, -20 = 5*t. Let s = -29 + 41. What is the remainder when a(u) is divided by s?
10
Let i(p) be the second derivative of p**5/20 + 7*p**4/12 - 3*p**3/2 - p**2/2 + 2*p. What is the remainder when 11 is divided by i(-8)?
4
Let f(d) = d + 42. Calculate the remainder when 85 is divided by f(-20).
19
Let t(x) = 2*x**2 + x + 3. Suppose -4 = -2*m + m. Let h be t(m). Suppose 9 = 3*y - h. What is the remainder when y is divided by 9?
7
Let m(y) = -6*y**3 + 3*y**2 - y - 3. What is the remainder when m(-2) is divided by 15?
14
Suppose 76 = 4*q - 16. What is the remainder when q is divided by 2?
1
Suppose 0 = 5*a - 9*a + 404. Calculate the remainder when a is divided by 21.
17
Let w(a) = -a**3 - 18*a**2 - 19*a - 21. Suppose -2*l - 2*r + 42 = -4, -69 = -3*l - 5*r. Calculate the remainder when l is divided by w(-17).
10
Suppose -5*m = -m - 132. Calculate the remainder when m is divided by 17.
16
What is the remainder wh